{"id":44,"date":"2025-03-01T14:41:03","date_gmt":"2025-03-01T13:41:03","guid":{"rendered":"http:\/\/www.die-kleinen-loewen.de\/?page_id=44"},"modified":"2025-03-09T11:45:35","modified_gmt":"2025-03-09T10:45:35","slug":"leitbild","status":"publish","type":"page","link":"https:\/\/www.die-kleinen-loewen.de\/index.php\/leitbild\/","title":{"rendered":"Leitbild"},"content":{"rendered":"\n<p>In meiner Kindertagespflege steht das Wohl der Kinder an erster Stelle. Ich m\u00f6chte ihnen eine liebevolle, sichere und anregende Umgebung bieten, in der sie sich individuell entfalten k\u00f6nnen.<\/p>\n\n\n\n<p>Dabei lege ich besonderen Wert auf drei zentrale S\u00e4ulen:&nbsp;<strong>Selbstst\u00e4ndigkeit, Natur und ganzheitliche F\u00f6rderung.<\/strong><\/p>\n\n\n\n<figure class=\"wp-block-gallery has-nested-images columns-default is-cropped wp-block-gallery-1 is-layout-flex wp-block-gallery-is-layout-flex\">\n<figure class=\"wp-block-image size-full tiltr mover\"><img loading=\"lazy\" decoding=\"async\" width=\"4032\" height=\"3024\" data-id=\"22\" src=\"https:\/\/www.die-kleinen-loewen.de\/wp-content\/uploads\/2025\/03\/holzspielzeug-musikinstrumente_1.jpeg\" alt=\"Bild von Holz-Musikinstrumenten (Xylophon und Trommel)\" class=\"wp-image-22\"\/><\/figure>\n\n\n\n<figure class=\"wp-block-image size-full tiltl movel dahinter\"><img loading=\"lazy\" decoding=\"async\" width=\"1100\" height=\"1246\" data-id=\"121\" src=\"https:\/\/www.die-kleinen-loewen.de\/wp-content\/uploads\/2025\/03\/holzrutsche.jpeg\" alt=\"Bild einer niedrigen Holzrutsche\" class=\"wp-image-121\"\/><\/figure>\n<\/figure>\n\n\n\n<p><strong>Selbstst\u00e4ndigkeit<\/strong>&nbsp;\u2013 Lernen durch eigenes Tun. Kinder sind von Natur aus neugierig und wollen die Welt selbst entdecken. Deshalb ist es mir wichtig, ihnen die Zeit und den Raum zu geben, Dinge selbst auszuprobieren. Ob beim An- und Ausziehen, beim Essen oder beim L\u00f6sen von Konflikten &#8211; ich unterst\u00fctze die Kinder, lasse sie aber zun\u00e4chst eigene Erfahrungen sammeln. So entwickeln sie Selbstvertrauen, Eigenst\u00e4ndigkeit und wichtige lebenspraktische F\u00e4higkeiten.<\/p>\n\n\n\n<figure class=\"wp-block-gallery has-nested-images columns-default is-cropped nach-rechts-kippen nach-links-schieben dahinter wp-block-gallery-2 is-layout-flex wp-block-gallery-is-layout-flex\">\n<figure class=\"wp-block-image size-full tiltr mover\"><img loading=\"lazy\" decoding=\"async\" width=\"2048\" height=\"1536\" data-id=\"249\" src=\"https:\/\/www.die-kleinen-loewen.de\/wp-content\/uploads\/2025\/03\/spielplatz-rutsche_1.jpeg\" alt=\"\" class=\"wp-image-249\"\/><\/figure>\n\n\n\n<figure class=\"wp-block-image size-full tiltl movel\"><img loading=\"lazy\" decoding=\"async\" width=\"1200\" height=\"1600\" data-id=\"236\" src=\"https:\/\/www.die-kleinen-loewen.de\/wp-content\/uploads\/2025\/03\/waldweg-fischach_2.jpeg\" alt=\"Bild eines schmalen Waldweges in Fischach\" class=\"wp-image-236\"\/><\/figure>\n<\/figure>\n\n\n\n<p><strong>Natur<\/strong>&nbsp;\u2013 Die Welt mit allen Sinnen erleben. Die Natur bietet unz\u00e4hlige M\u00f6glichkeiten zum Spielen, Entdecken und Lernen. T\u00e4glich verbringen wir Zeit im Garten, um frische Luft zu schnappen und uns zu bewegen. Bei gutem Wetter erkunden wir den nahe gelegenen Spielplatz oder unternehmen Ausfl\u00fcge in den Wald. Hier k\u00f6nnen die Kinder mit allen Sinnen erleben, beobachten und erforschen &#8211; eine wertvolle Erfahrung f\u00fcr ihre k\u00f6rperliche und geistige Entwicklung.<\/p>\n\n\n\n<figure class=\"wp-block-gallery has-nested-images columns-default is-cropped wp-block-gallery-3 is-layout-flex wp-block-gallery-is-layout-flex\">\n<figure class=\"wp-block-image size-large tiltl mover\"><img loading=\"lazy\" decoding=\"async\" width=\"1684\" height=\"1287\" data-id=\"120\" src=\"https:\/\/www.die-kleinen-loewen.de\/wp-content\/uploads\/2025\/03\/kinderkueche_1.jpeg\" alt=\"\" class=\"wp-image-120\"\/><\/figure>\n\n\n\n<figure class=\"wp-block-image size-large tiltr movel dahinter\"><img loading=\"lazy\" decoding=\"async\" width=\"4032\" height=\"3024\" data-id=\"25\" src=\"https:\/\/www.die-kleinen-loewen.de\/wp-content\/uploads\/2025\/03\/holzspielzeug-insekten_1.jpeg\" alt=\"\" class=\"wp-image-25\"\/><\/figure>\n<\/figure>\n\n\n\n<p><strong>Ganzheitliche F\u00f6rderung<\/strong>&nbsp;\u2013 Mit Kopf, Herz und Hand. Jedes Kind ist einzigartig und bringt seine eigenen St\u00e4rken, Interessen und Bed\u00fcrfnisse mit. Daher setze ich auf eine ganzheitliche F\u00f6rderung, die Kreativit\u00e4t, Motorik und soziales Miteinander gleicherma\u00dfen st\u00e4rkt. Durch vielf\u00e4ltige Angebote &#8211; vom freien Spiel \u00fcber kreative Bastelprojekte bis hin zu Bewegungs- und Musikangeboten &#8211; unterst\u00fctze ich die Kinder dabei, sich in ihrem eigenen Tempo zu entwickeln. Mit diesen Grunds\u00e4tzen m\u00f6chte ich den Kindern einen liebevollen und f\u00f6rdernden Betreuungsort bieten, an dem sie sich wohlf\u00fchlen, selbstst\u00e4ndig wachsen und spielerisch die Welt entdecken k\u00f6nnen.<\/p>\n\n\n\n<figure class=\"wp-block-gallery has-nested-images columns-default is-cropped wp-block-gallery-4 is-layout-flex wp-block-gallery-is-layout-flex\">\n<figure class=\"wp-block-image size-full tiltl mover\"><img loading=\"lazy\" decoding=\"async\" width=\"4032\" height=\"3024\" data-id=\"19\" src=\"https:\/\/www.die-kleinen-loewen.de\/wp-content\/uploads\/2025\/03\/spielzeug-strasse_1.jpeg\" alt=\"Bild einer aufgebauten Spielstrasse mit kleinen Autos\" class=\"wp-image-19\"\/><\/figure>\n\n\n\n<figure class=\"wp-block-image size-full tiltr movel\"><img loading=\"lazy\" decoding=\"async\" width=\"4032\" height=\"3024\" data-id=\"23\" src=\"https:\/\/www.die-kleinen-loewen.de\/wp-content\/uploads\/2025\/03\/holzspielzeug-buchstaben_1.jpeg\" alt=\"Bild eines Holzspielzeugs mit den Buchstaben A bis Z\" class=\"wp-image-23\"\/><\/figure>\n<\/figure>\n\n\n\n<div class=\"wp-block-buttons is-content-justification-center is-layout-flex wp-container-core-buttons-is-layout-a89b3969 wp-block-buttons-is-layout-flex\">\n<div class=\"wp-block-button\"><a class=\"wp-block-button__link has-text-align-center wp-element-button\" href=\"https:\/\/www.die-kleinen-loewen.de\/index.php\/kontaktdaten\/\">Kontaktdaten<\/a><\/div>\n<\/div>\n","protected":false},"excerpt":{"rendered":"<p>In meiner Kindertagespflege steht das Wohl der Kinder an erster Stelle. Ich m\u00f6chte ihnen eine liebevolle, sichere und anregende Umgebung bieten, in der sie sich individuell entfalten k\u00f6nnen. Dabei lege ich besonderen Wert auf drei zentrale S\u00e4ulen:&nbsp;Selbstst\u00e4ndigkeit, Natur und ganzheitliche F\u00f6rderung. Selbstst\u00e4ndigkeit&nbsp;\u2013 Lernen durch eigenes Tun. Kinder sind von Natur aus neugierig und wollen die [&hellip;]<\/p>\n","protected":false},"author":1,"featured_media":0,"parent":0,"menu_order":2,"comment_status":"closed","ping_status":"closed","template":"","meta":{"footnotes":""},"class_list":["post-44","page","type-page","status-publish","hentry"],"_links":{"self":[{"href":"https:\/\/www.die-kleinen-loewen.de\/index.php\/wp-json\/wp\/v2\/pages\/44","targetHints":{"allow":["GET"]}}],"collection":[{"href":"https:\/\/www.die-kleinen-loewen.de\/index.php\/wp-json\/wp\/v2\/pages"}],"about":[{"href":"https:\/\/www.die-kleinen-loewen.de\/index.php\/wp-json\/wp\/v2\/types\/page"}],"author":[{"embeddable":true,"href":"https:\/\/www.die-kleinen-loewen.de\/index.php\/wp-json\/wp\/v2\/users\/1"}],"replies":[{"embeddable":true,"href":"https:\/\/www.die-kleinen-loewen.de\/index.php\/wp-json\/wp\/v2\/comments?post=44"}],"version-history":[{"count":36,"href":"https:\/\/www.die-kleinen-loewen.de\/index.php\/wp-json\/wp\/v2\/pages\/44\/revisions"}],"predecessor-version":[{"id":570,"href":"https:\/\/www.die-kleinen-loewen.de\/index.php\/wp-json\/wp\/v2\/pages\/44\/revisions\/570"}],"wp:attachment":[{"href":"https:\/\/www.die-kleinen-loewen.de\/index.php\/wp-json\/wp\/v2\/media?parent=44"}],"curies":[{"name":"wp","href":"https:\/\/api.w.org\/{rel}","templated":true}]}}