{"id":59,"date":"2025-03-01T15:03:45","date_gmt":"2025-03-01T14:03:45","guid":{"rendered":"http:\/\/www.die-kleinen-loewen.de\/?page_id=59"},"modified":"2026-03-12T09:59:47","modified_gmt":"2026-03-12T08:59:47","slug":"wer-bin-ich","status":"publish","type":"page","link":"https:\/\/www.die-kleinen-loewen.de\/index.php\/wer-bin-ich\/","title":{"rendered":"Wer bin ich?"},"content":{"rendered":"\n<div class=\"wp-block-group alignfull has-accent-background-color has-background has-global-padding is-layout-constrained wp-container-core-group-is-layout-669513ed wp-block-group-is-layout-constrained\" style=\"margin-top:0;margin-bottom:0;padding-top:var(--wp--preset--spacing--50);padding-right:var(--wp--preset--spacing--50);padding-bottom:var(--wp--preset--spacing--50);padding-left:var(--wp--preset--spacing--50)\">\n<div class=\"wp-block-columns alignwide is-layout-flex wp-container-core-columns-is-layout-1da03c2a wp-block-columns-is-layout-flex\">\n<div class=\"wp-block-column is-vertically-aligned-stretch is-layout-flow wp-block-column-is-layout-flow\" style=\"flex-basis:50%\">\n<div class=\"wp-block-group is-vertical is-content-justification-stretch is-layout-flex wp-container-core-group-is-layout-444d5ee8 wp-block-group-is-layout-flex\" style=\"min-height:100%\">\n<h2 class=\"wp-block-heading has-x-large-font-size\">Hallo liebe Eltern,<\/h2>\n\n\n\n<p>Ich wurde im Sommer 1998 geboren und habe 2019 meine Ausbildung zur Erzieherin abgeschlossen. Seit Juni 2024 lebe ich in Fischach in einem Haus \u2013 gemeinsam mit meiner Ehefrau, unserer Tochter und meinen drei Katzen.<\/p>\n\n\n\n<p>In meiner Freizeit lese ich sehr gerne und genie\u00dfe die Natur, sei es bei Spazierg\u00e4ngen oder einfach beim Entdecken neuer Orte im Gr\u00fcnen. Ich bin ein fr\u00f6hlicher und aufgeschlossener Mensch und lege gro\u00dfen Wert auf ein herzliches Miteinander. F\u00fcr die Kinder und euch Eltern habe ich stets ein offenes Ohr, denn mir ist es wichtig, eine vertrauensvolle und wertsch\u00e4tzende Atmosph\u00e4re zu schaffen.<\/p>\n\n\n\n<p>Ich freue mich darauf, meine Erfahrungen und meine Begeisterung f\u00fcr die Arbeit mit Kindern einzubringen und sie in ihrer Entwicklung zu begleiten!<\/p>\n<\/div>\n<\/div>\n\n\n\n<div class=\"wp-block-column is-vertically-aligned-center is-layout-flow wp-block-column-is-layout-flow\" style=\"flex-basis:50%\">\n<figure class=\"wp-block-image size-full is-resized has-custom-border is-style-default\"><img loading=\"lazy\" decoding=\"async\" width=\"773\" height=\"1226\" src=\"https:\/\/www.die-kleinen-loewen.de\/wp-content\/uploads\/2025\/03\/sylvia_1.jpg\" alt=\"\" class=\"has-border-color has-base-border-color wp-image-15\" style=\"aspect-ratio:2\/3;object-fit:cover;width:auto;height:480px\"\/><\/figure>\n<\/div>\n<\/div>\n<\/div>\n\n\n\n<div class=\"wp-block-buttons is-content-justification-center is-layout-flex wp-container-core-buttons-is-layout-a89b3969 wp-block-buttons-is-layout-flex\">\n<div class=\"wp-block-button\"><a class=\"wp-block-button__link wp-element-button\" href=\"https:\/\/www.die-kleinen-loewen.de\/index.php\/ein-liebevoller-betreuungsort-fuer-ihr-kind\/\">&gt;&gt; weiterlesen &gt;&gt;<\/a><\/div>\n<\/div>\n","protected":false},"excerpt":{"rendered":"<p>Hallo liebe Eltern, Ich wurde im Sommer 1998 geboren und habe 2019 meine Ausbildung zur Erzieherin abgeschlossen. Seit Juni 2024 lebe ich in Fischach in einem Haus \u2013 gemeinsam mit meiner Ehefrau, unserer Tochter und meinen drei Katzen. In meiner Freizeit lese ich sehr gerne und genie\u00dfe die Natur, sei es bei Spazierg\u00e4ngen oder einfach [&hellip;]<\/p>\n","protected":false},"author":1,"featured_media":0,"parent":0,"menu_order":0,"comment_status":"closed","ping_status":"closed","template":"","meta":{"footnotes":""},"class_list":["post-59","page","type-page","status-publish","hentry"],"_links":{"self":[{"href":"https:\/\/www.die-kleinen-loewen.de\/index.php\/wp-json\/wp\/v2\/pages\/59","targetHints":{"allow":["GET"]}}],"collection":[{"href":"https:\/\/www.die-kleinen-loewen.de\/index.php\/wp-json\/wp\/v2\/pages"}],"about":[{"href":"https:\/\/www.die-kleinen-loewen.de\/index.php\/wp-json\/wp\/v2\/types\/page"}],"author":[{"embeddable":true,"href":"https:\/\/www.die-kleinen-loewen.de\/index.php\/wp-json\/wp\/v2\/users\/1"}],"replies":[{"embeddable":true,"href":"https:\/\/www.die-kleinen-loewen.de\/index.php\/wp-json\/wp\/v2\/comments?post=59"}],"version-history":[{"count":23,"href":"https:\/\/www.die-kleinen-loewen.de\/index.php\/wp-json\/wp\/v2\/pages\/59\/revisions"}],"predecessor-version":[{"id":564,"href":"https:\/\/www.die-kleinen-loewen.de\/index.php\/wp-json\/wp\/v2\/pages\/59\/revisions\/564"}],"wp:attachment":[{"href":"https:\/\/www.die-kleinen-loewen.de\/index.php\/wp-json\/wp\/v2\/media?parent=59"}],"curies":[{"name":"wp","href":"https:\/\/api.w.org\/{rel}","templated":true}]}}